?
8
What is the hundreds digit of 2793554?
5
What is the thousands digit of 238971457?
1
What is the tens digit of 27298203?
0
What is the hundreds digit of 106559654?
6
What is the thousands digit of 73077948?
7
What is the millions digit of 2410859005?
0
What is the ten thousands digit of 23474547?
7
What is the ten thousands digit of 11187418?
8
What is the ten millions digit of 84363645?
8
What is the millions digit of 16740803?
6
What is the hundred millions digit of 5107189098?
1
What is the thousands digit of 182595123?
5
What is the ten millions digit of 67300769?
6
What is the units digit of 270040986?
6
What is the units digit of 1902786756?
6
What is the hundreds digit of 6943204192?
1
What is the tens digit of 216261200?
0
What is the millions digit of 477545821?
7
What is the ten millions digit of 79603208?
7
What is the hundred thousands digit of 72459086?
4
What is the units digit of 162014665?
5
What is the billions digit of 1662955902?
1
What is the ten thousands digit of 43635899?
3
What is the billions digit of 1385289257?
1
What is the thousands digit of 4605098273?
8
What is the ten thousands digit of 135554255?
5
What is the thousands digit of 95278971?
8
What is the thousands digit of 611541855?
1
What is the tens digit of 48065956?
5
What is the hundreds digit of 3885881360?
3
What is the hundreds digit of 2112111001?
0
What is the ten thousands digit of 204886203?
8
What is the hundred millions digit of 167160431?
1
What is the ten thousands digit of 114891972?
9
What is the ten thousands digit of 2995544?
9
What is the thousands digit of 68858531?
8
What is the thousands digit of 231547537?
7
What is the ten millions digit of 1784234916?
8
What is the tens digit of 107461848?
4
What is the millions digit of 235340201?
5
What is the tens digit of 5095826?
2
What is the hundred thousands digit of 638313007?
3
What is the hundreds digit of 565228366?
3
What is the units digit of 204678299?
9
What is the tens digit of 1207008118?
1
What is the units digit of 95997539?
9
What is the millions digit of 31685186?
1
What is the millions digit of 186851292?
6
What is the millions digit of 77438480?
7
What is the tens digit of 40790654?
5
What is the millions digit of 252264323?
2
What is the hundred thousands digit of 866943310?
9
What is the hundred millions digit of 112118820?
1
What is the billions digit of 1214347279?
1
What is the hundred thousands digit of 2692958320?
9
What is the thousands digit of 255174951?
4
What is the tens digit of 12002026?
2
What is the billions digit of 1449771289?
1
What is the ten millions digit of 2649355955?
4
What is the tens digit of 919441567?
6
What is the hundreds digit of 1206929835?
8
What is the ten thousands digit of 194542778?
4
What is the ten thousands digit of 633579287?
7
What is the units digit of 43609767?
7
What is the thousands digit of 5477769230?
9
What is the tens digit of 45412294?
9
What is the tens digit of 27118510?
1
What is the units digit of 53408299?
9
What is the ten thousands digit of 16646923?
4
What is the millions digit of 227184800?
7
What is the thousands digit of 4252112?
2
What is the tens digit of 5333865067?
6
What is the hundred thousands digit of 1939712305?
7
What is the tens digit of 121090069?
6
What is the millions digit of 3139208114?
9
What is the ten thousands digit of 30790469?
9
What is the ten millions digit of 19481327?
1
What is the units digit of 105325727?
7
What is the ten thousands digit of 1032840198?
4
What is the hundreds digit of 673873510?
5
What is the hundred thousands digit of 338836960?
8
What is the millions digit of 220402968?
0
What is the tens digit of 28133010?
1
What is the units digit of 788316930?
0
What is the units digit of 7958678?
8
What is the ten thousands digit of 71533447?
3
What is the units digit of 709866104?
4
What is the units digit of 372223384?
4
What is the hundred thousands digit of 173060403?
0
What is the millions digit of 34021408?
4
What is the hundred millions digit of 244440922?
2
What is the thousands digit of 12175918?
5
What is the ten thousands digit of 165691759?
9
What is the hundred thousands digit of 69934771?
9
What is the ten thousands digit of 499264837?
6
What is the hundred thousands digit of 1904644850?
6
What is the millions digit of 54911413?
4
What is the ten thousands digit of 153710601?
1
What is the ten thousands digit of 14733472?
3
What is the ten thousands digit of 9904022?
0
What is the hundreds digit of 2002517881?
8
What is the tens digit of 183537316?
1
What is the units digit of 153571965?
5
What is the hundred thousands digit of 32086420?
0
What is the ten millions digit of 106902867?
0
What is the units digit of 59741376?
6
What is the ten millions digit of 2585674038?
8
What is the thousands digit of 46850215?
0
What is the hundred thousands digit of 6574136?
5
What is the thousands digit of 610116691?
6
What is the hundred thousands digit of 347950667?
9
What is the hundreds digit of 70530425?
4
What is the hundred thousands digit of 97922939?
9
What is the thousands digit of 80401493?
1
What is the hundred millions digit of 3514460370?
5
What is the millions digit of 42784148?
2
What is the units digit of 642668323?
3
What is the hundreds digit of 764000269?
2
What is the units digit of 46215645?
5
What is the tens digit of 50526123?
2
What is the hundred thousands digit of 613030944?
0
What is the hundred thousands digit of 6832263?
8
What is the millions digit of 960843203?
0
What is the thousands digit of 154106841?
6
What is the hundreds digit of 53943407?
4
What is the tens digit of 43277068?
6
What is the ten millions digit of 2702684977?
0
What is the hundreds digit of 6197785255?
2
What is the units digit of 4217312751?
1
What is the millions digit of 227113382?
7
What is the hundred thousands digit of 58823809?
8
What is the ten thousands digit of 747059553?
5
What is the hundred thousands digit of 49866675?
8
What is the millions digit of 26397773?
6
What is the ten thousands digit of 128747561?
4
What is the hundred thousands digit of 1874137291?
1
What is the thousands digit of 1386659887?
9
What is the ten thousands digit of 41475693?
7
What is the millions digit of 40490574?
0
What is the ten millions digit of 698536708?
9
What is the ten thousands digit of 1427044?
2
What is the thousands digit of 38268279?
8
What is the hundred thousands digit of 159731975?
7
What is the hundred millions digit of 399378657?
3
What is the millions digit of 357391031?
7
What is the tens digit of 246526964?
6
What is the hundreds digit of 274627147?
1
What is the hundred millions digit of 121882680?
1
What is the ten thousands digit of 117117210?
1
What is the thousands digit of 88122874?
2
What is the ten millions digit of 502259778?
0
What is the ten millions digit of 364546309?
6
What is the ten millions digit of 71701006?
7
What is the millions digit of 45526635?
5
What is the billions digit of 4647627261?
4
What is the ten thousands digit of 856606269?
0
What is the thousands digit of 48218524?
8
What is the hundred millions digit of 551010110?
5
What is the units digit of 24785078?
8
What is the thousands digit of 27318208?
8
What is the hundred thousands digit of 69343439?
3
What is the millions digit of 7837324753?
7
What is the ten thousands digit of 263310067?
1
What is the hundreds digit of 776311072?
0
What is the tens digit of 37559439?
3
What is the thousands digit of 98548785?
8
What is the ten millions digit of 22502075?
2
What is the ten thousands digit of 94633177?
3
What is the thousands digit of 38746309?
6
What is the tens digit of 2185237347?
4
What is the units digit of 440801815?
5
What is the tens digit of 8215600?
0
What is the millions digit of 84666564?
4
What is the ten millions digit of 40284885?
4
What is the hundreds digit of 1622749170?
1
What is the tens digit of 239673299?
9
What is the tens digit of 5266542566?
6
What is the tens digit of 18063321?
2
What is the units digit of 108960060?
0
What is the hundreds digit of 352970321?
3
What is the ten thousands digit of 24313763?
1
What is the millions digit of 1179862593?
9
What is the units digit of 34516412?
2
What is the hundred millions digit of 8072852133?
0
What is the hund